594*x + 5270. Determine b(-2).
82
Let x(i) = 697*i - 75984. Determine x(109).
-11
Let r(m) = 11*m**3 - 119*m**2 + m + 34. Determine r(0).
34
Let k(a) = -1440*a - 23002. What is k(-16)?
38
Let p(d) = 16*d**3 - 720*d**2 - 160*d + 7107. Determine p(45).
-93
Let m(l) = 101*l**2 - 26066*l + 2071. Determine m(258).
7
Let n(y) = y**2 - 1093*y - 21008. Determine n(-19).
120
Let v(i) = -39335*i - 1298050. Calculate v(-33).
5
Let b(c) = -4*c**2 + 70*c - 252. Determine b(3).
-78
Let m(o) = 2*o**3 + 68*o**2 - 2720*o - 92448. Calculate m(-34).
32
Let w(z) = z**2 - 132*z - 14482. Give w(-71).
-69
Let t(v) = v**3 - 70*v**2 + 190*v + 183. Calculate t(67).
-554
Let a(f) = 5678*f - 596193. What is a(105)?
-3
Let c(x) = 17*x**2 - 1134*x - 11253. Give c(-9).
330
Let l(c) = 81*c**2 - 3367*c + 1893. Determine l(41).
7
Let x(j) = 26*j**2 - 167*j - 191. Give x(12).
1549
Let o(u) = u**2 + 318*u - 10140. Calculate o(-347).
-77
Let m(c) = -c**2 + 157*c - 3520. Give m(130).
-10
Let g(u) = -2*u**3 + u**2 + 214*u + 63. Give g(11).
-124
Let d(w) = 24*w**3 - 109*w**2 - 35*w + 177. What is d(5)?
277
Let t(z) = -179*z - 15597. What is t(-87)?
-24
Let j(u) = -3*u**2 + 401*u - 8309. Determine j(22).
-939
Let b(k) = 6*k**3 + 32*k**2 + 6*k + 9. Determine b(-9).
-1827
Let u(o) = -222*o - 4405. Calculate u(-21).
257
Let t(f) = 6764*f + 47330. Determine t(-7).
-18
Let u(x) = -x**3 - 131*x**2 + 497*x - 4627. Calculate u(-135).
1178
Let b(k) = 140*k - 6717. What is b(45)?
-417
Let z(y) = y**3 - 107*y**2 - 988*y - 542. Calculate z(-8).
2
Let y(r) = r**2 + 314*r + 23018. Determine y(-139).
-1307
Let g(l) = 10*l**3 + 221*l**2 + 55*l + 52. Give g(-22).
-674
Let m(i) = -6*i**2 - 74*i + 498. What is m(10)?
-842
Let z(u) = u**3 - 47*u**2 - 164*u + 1. Give z(-4).
-159
Let y(w) = -87*w**2 + 31*w + 118. Calculate y(-6).
-3200
Let t(w) = 2*w**2 + 707*w + 19686. Determine t(-323).
-17
Let q(m) = 24*m**2 + 698*m + 3. Determine q(-29).
-55
Let h(j) = 20*j**3 + 280*j**2 + 816*j - 6. Determine h(-3).
-474
Let k(f) = 1033*f - 36174. Determine k(35).
-19
Let d(f) = 5080*f - 111733. Calculate d(22).
27
Let h(s) = 3624*s + 1811938. Calculate h(-500).
-62
Let y(a) = 47*a + 4600. Give y(-100).
-100
Let s(o) = -o**2 - 3857*o - 212849. What is s(-56)?
7
Let d(q) = 3321*q - 11931. Calculate d(3).
-1968
Let v(a) = -399193*a + 1197605. What is v(3)?
26
Let d(g) = -7533*g + 580044. Calculate d(77).
3
Let k(v) = -v**2 + 103*v - 866. Calculate k(94).
-20
Let d(t) = -623410*t - 623424. Calculate d(-1).
-14
Let l(z) = -4*z**3 - 118*z**2 - 305*z - 3835. What is l(-28)?
1
Let a(n) = 28*n**3 - 2763*n**2 - 894*n + 289. Determine a(99).
-8
Let t(m) = m**3 - 250*m**2 - 1297*m + 4936. Give t(255).
-674
Let p(s) = 5*s**2 + 457*s + 3345. Calculate p(-8).
9
Let p(l) = -3*l**2 + 106*l - 370. Determine p(5).
85
Let x(d) = -6*d**2 - 940*d + 4704. Determine x(5).
-146
Let s(r) = 240*r**3 - 5*r**2 - 373*r + 378. Determine s(1).
240
Let k(q) = 2586*q + 3. Give k(0).
3
Let b(k) = -793*k - 87265. Calculate b(-110).
-35
Let l(c) = -21536*c - 128539. Calculate l(-6).
677
Let n(i) = 3199*i + 12776. Give n(-4).
-20
Let v(c) = -8942*c - 17353. Determine v(-2).
531
Let w(q) = 3*q**2 - 31660*q - 539093. Determine w(-17).
-6
Let j(h) = h**2 + 122*h - 2210. Determine j(-139).
153
Let l(q) = -1169*q - 4488. Give l(-4).
188
Let z(a) = -114*a + 47098. Calculate z(413).
16
Let n(d) = 28*d**3 - 106*d**2 + 11*d + 162. What is n(3)?
-3
Let f(t) = t**3 - 112*t**2 - 1347*t - 505. Determine f(123).
233
Let c(y) = -6*y**3 + 100*y**2 - 232*y - 236. What is c(3)?
-194
Let a(x) = x**3 - 2354*x**2 + 30398*x + 439. Give a(13).
-16
Let y(i) = i**2 + 552*i + 18576. What is y(-516)?
0
Let x(b) = 1230*b**2 + 18427*b - 352. Calculate x(-15).
-7
Let k(m) = -15*m**3 - 23*m**2 - 2322*m - 2300. Give k(-1).
14
Let f(g) = 446*g + 965. What is f(-2)?
73
Let d(z) = -13396*z + 294717. What is d(22)?
5
Let m(x) = 7*x**2 + 903*x + 27661. Calculate m(-79).
11
Let m(u) = -8779*u - 438942. Give m(-50).
8
Let m(i) = -4*i**2 - 162*i - 1289. Determine m(-13).
141
Let o(s) = 270323*s - 2973552. Give o(11).
1
Let r(p) = -28*p**2 + 494*p - 2920. Give r(7).
-834
Let v(z) = -z**3 - 11*z**2 - 1740*z - 17292. Determine v(-10).
8
Let u(l) = 4*l**3 + 513*l**2 + 1135*l + 92. Calculate u(-126).
-34
Let j(g) = -19*g**3 + 23663*g**2 - 9963*g + 3732. Determine j(1245).
-3
Let t(k) = -5*k**3 + 442*k**2 - 7990*k - 691. Calculate t(63).
2
Let s(j) = 849*j**3 + 3*j**2 - 10*j - 12. Determine s(-1).
-848
Let r(m) = -3*m**3 + 65*m**2 - 346*m + 8092. Give r(22).
-4
Let d(b) = -5*b**2 + 2291*b - 109484. What is d(404)?
0
Let l(t) = 1610*t + 3138. Calculate l(-2).
-82
Let p(q) = 5403*q - 226910. Determine p(42).
16
Let s(i) = 2*i**3 + 56*i**2 - 195*i + 162. Calculate s(2).
12
Let w(s) = 875*s + 16693. Calculate w(-21).
-1682
Let g(o) = 446*o - 755. Determine g(0).
-755
Let a(z) = -24663*z - 122805. Calculate a(-5).
510
Let c(n) = -n**3 - 82*n**2 + 33*n + 3419. Give c(-82).
713
Let h(z) = -8750*z - 752510. Determine h(-86).
-10
Let g(q) = -q**2 - 257*q - 3490. What is g(-235)?
1680
Let q(i) = 2*i**3 - 49*i**2 + 37*i + 1052. What is q(-4)?
-8
Let x(k) = -k**3 - 12*k**2 + 320*k + 3084. Calculate x(-22).
884
Let h(j) = 40*j**2 + 120*j + 123. Determine h(-1).
43
Let y(c) = -c**2 + 14*c + 2043. Give y(45).
648
Let h(u) = -2*u**2 - 1243*u + 35700. Determine h(-649).
5
Let b(q) = q**3 - 39*q**2 + 177*q - 268. What is b(34)?
-30
Let v(a) = a**3 + 21*a**2 + 39*a + 913. Determine v(-21).
94
Let o(w) = w**3 + 123*w**2 - 454*w - 8932. Determine o(-126).
644
Let d(w) = 61*w - 458. Calculate d(41).
2043
Let p(f) = -f**3 - 44*f**2 + 523*f + 27. Determine p(10).
-143
Let j(k) = 14599*k + 1956274. Give j(-134).
8
Let f(x) = -1192*x + 27558. Give f(21).
2526
Let a(u) = -5*u**3 + 146*u**2 - 167*u - 11. Determine a(28).
17
Let n(z) = -12589*z - 137258. What is n(-11)?
1221
Let t(w) = -35*w**2 - 598*w - 1247. Give t(-15).
-152
Let u(z) = 63*z - 8075. Determine u(129).
52
Let h(f) = 3893*f - 2549909. What is h(655)?
6
Let j(l) = 156*l**2 + 2203*l - 6622. What is j(3)?
1391
Let v(o) = 40*o**3 + 446*o**2 + 15*o + 37. What is v(-11)?
598
Let b(l) = 2*l**3 + 15*l**2 - 632*l + 425. What is b(14)?
5
Let z(c) = -409*c - 20487. Give z(-39).
-4536
Let c(l) = 20*l**2 + 63020*l - 126124. Determine c(2).
-4
Let m(u) = -4*u**3 + 942*u**2 + 4314*u + 241. Determine m(240).
-1199
Let w(c) = -c**3 + 559*c**2 - 2624*c + 224219. Give w(555).
-1
Let s(x) = 2*x**2 - 997*x + 38189. Calculate s(459).
1928
Let r(m) = 987*m - 128177. Calculate r(130).
133
Let s(d) = 1397*d - 226314. Give s(162).
0
Let v(j) = -2*j**2 - 23219*j - 139268. Give v(-6).
-26
Let t(w) = 2155*w - 54826. Calculate t(25).
-951
Let h(i) = i**3 + 106*i**2 + 118*i - 1522. What is h(-105)?
-2887
Let d(k) = -k**3 + 9*k**2 + 177*k - 1453. What is d(14)?
45
Let f(i) = 3*i**2 + 600*i + 7780. Determine f(-186).
-32
Let o(z) = -6*z**3 + 8*z**2 + 199*z + 269. Give o(7).
-4
Let m(v) = -3*v**3 - 1058*v**2 + 368*v + 5308. Determine m(-353).
13
Let d(q) = -18*q**2 + 100*q + 494. Give d(-5).
-456
Let s(w) = 99136*w - 3370597. Give s(34).
27
Let h(b) = -b**3 + 30*b**2 + b - 606. What is h(5)?
24
Let n(v) = -202*v**2 - 71*v - 203. Give n(-3).
-1808
Let h(d) = d**2 - 62*d + 471. Give h(39).
-426
Let k(s) = -3430*s + 27424. Determine k(8).
-16
Let o(j) = -j**2 - 147*j - 1042. What is o(-7)?
-62
Let d(w) = -w**2 + 4107*w + 8227. Give d(-2).
9
Let w(y) = y**2 - 2921*y - 181889. Calculate w(-61).
13
Let d(s) = -s**2 + 8*s - 710. Calculate d(-22).
-1370
Let k(m) = m**2 - 5757*m - 46110. Calculate k(-8).
10
Let u(b) = -197*b**2 - 1095*b - 1502. What is u(-3)?
10
Let i(h) = -3*h**3 - 990*h**2 - 2947*h - 1304. Give i(-327).
4
Let o(f) = 44404*f + 2220192. Give o(-50).
-8
Let u(n) = -72564*n - 217706. Calculate u(-3).
-14
Let s(k) = k**2 + 4314*k + 30160. What is s(-7)?
11
Let i(x) = -1913*x - 2583. What is i(-2)?
1243
Let g(m) = 3*m**2 - 9710*m + 886223. Determine g(94).
-9
Let r(n) = n**2 - 75*n - 3750. Determine r(111).
246
Let k(d) = 11964*d - 23871. Determine k(2).
57
Let l(r) = 147255*r + 2061641. What is l(-14)?
71
Let x(p) = 34*p - 819. Calculate x(35).
371
Let a(w) = 3209*w - 306537. Calculate a(95).
-1682
Let d(p) = 2*p**3 + 31*p**2 + 72*p - 153. Determine d(-12).
-9
Let t(a) = -1588*a - 128